0 - -4*1. Let a = 10 - d. What is the units digit of n(a)?
6
Let z(p) = -9*p. Let o be z(-2). Suppose s = -n + 6*s - o, -12 = -4*s. What is the tens digit of (-36)/n + (0 - 2)?
1
Suppose 4*n - 57 + 209 = 4*g, 2*n - 84 = -2*g. What is the tens digit of g?
4
Let k be 1/(0 - 1/3). Let s(d) = -d**3 + 2 - 630*d - 3*d**2 + 0*d**2 + 628*d. What is the units digit of s(k)?
8
Let y(l) = l**3 - 2*l**2. Let d be y(2). Suppose d*h - 2*h + 20 = 0. What is the units digit of h?
0
Let j be -2 - ((-1 - -1) + -2). Let n(c) = -c - 1 + 4 + j. What is the tens digit of n(-7)?
1
Let t be ((-26)/4)/((-1)/2). Suppose -4*u = 1 - t. Suppose -2*q + 3*x + 25 = u*q, x + 11 = 3*q. What is the units digit of q?
2
Let r be (-1)/5 - (-93)/15. Let n be 4/r + 57/9. Suppose n*k - 4*k = 30. What is the units digit of k?
0
Let b(x) = -x**3 - 14*x**2 - 26*x + 12. What is the tens digit of b(-12)?
3
Let g be 8 + 3 + 2 + -3. Let r = g + -7. Suppose 13 + 38 = r*i. What is the tens digit of i?
1
Let w be (-32)/(-3) - (-2)/(-3). Let j(a) = a**3 - 9*a**2 - 10*a + 10. What is the units digit of j(w)?
0
Let j(x) = -x**2 - 10*x - 3. What is the tens digit of j(-5)?
2
Let n(f) = -f**2 + 2*f + 9. Let u be (-1*(1 + -1))/2. What is the units digit of n(u)?
9
Let c = 2 + -7. Let k(o) = -o**3 - 3*o**2 + 7*o + 1. What is the tens digit of k(c)?
1
Let o be ((-4)/(-12))/(2/(-66)). Let h(j) = -j**3 - 11*j**2 + 7. What is the units digit of h(o)?
7
Let k(l) = -2*l + 3. Let j = -20 - -11. What is the units digit of k(j)?
1
Let s(n) = n**2 + 2*n - 2. Let z be s(3). Suppose 0*i = -3*j - i + z, -5*j + 2*i = -40. Let x = 0 + j. What is the units digit of x?
6
Let i be (1 - 1)/3 + 9. Let g = -4 - -2. Let m = i + g. What is the units digit of m?
7
Let j(b) = 4*b + 5. What is the tens digit of j(8)?
3
What is the tens digit of -1*(-122)/(-4)*-2?
6
Let n = 53 - 33. What is the units digit of n?
0
Suppose 0 = 3*z + 3*o - 93, -2*z - 5*o = -6*z + 142. What is the tens digit of z?
3
Let z be 2/3 - (-1)/3. Let k = 0 + z. What is the units digit of 1/((-12)/15 + k)?
5
Let w = 4 + 2. Let p = 10 - w. Suppose -p*i - s = -81, -3*s + 2*s + 1 = 0. What is the units digit of i?
0
Let m = -76 + 62. Let r be ((-15)/9)/((-2)/(-6)). Let u = r - m. What is the units digit of u?
9
Suppose 36 = -n - 3*n. Let y = 4 + n. Let w = y - -10. What is the units digit of w?
5
What is the tens digit of 4/((-1)/32*-4)?
3
Let b be (-1)/((1 + 1)/(-2)). What is the units digit of -19*(-2)/(b + 1)?
9
Let j be 3/(-5) + (-96)/(-10). Suppose j = k - 11. What is the units digit of k?
0
Suppose -5*n = -2*z - 226, -5*z - 175 - 45 = -5*n. What is the tens digit of n?
4
Let u(s) be the third derivative of 5/12*s**4 + 0 - s**2 - 11/60*s**5 + 1/120*s**6 + 3/2*s**3 + 0*s. What is the units digit of u(10)?
9
Let r(m) = m**2 - m + 18. Let f be r(0). Suppose k = -0*o - 2*o + f, 2*k + 9 = o. Suppose 3*l = a + 4*a - 39, 0 = 3*l + o. What is the units digit of a?
6
Suppose -3 = -6*r + 5*r. Suppose 6 = -0*v + r*v. What is the units digit of v?
2
Let r = -17 + 14. Let g(s) = -s**2 - 7*s - 2. What is the units digit of g(r)?
0
Suppose -4*g + 28 = 2*k + 10, -k - g = -8. Suppose -9*m + k*m + 6 = 0. What is the units digit of m?
3
Suppose -2*c + 165 = 5*q, -3*c = -4*c - 4*q + 87. What is the tens digit of c?
7
Suppose -4 = c + 4. Let s(g) = g**3 + 8*g**2 + 5. What is the units digit of s(c)?
5
Suppose 2*l - 6 = -o, -5*l + o = 2*o - 21. Suppose l*p = 14 + 36. What is the units digit of p?
0
What is the tens digit of 82*3 + 4/(32/(-8))?
4
Let u(t) = -7*t**2 - 3*t + 4. Let n be u(-4). What is the tens digit of ((-1)/2)/(4/n)?
1
Let f = 21 - -10. Suppose -29 - f = -4*y. What is the units digit of y?
5
Suppose 5*f + 48 - 13 = 0. Let l = f - -9. What is the units digit of l?
2
Suppose 4*t = -16 + 168. Suppose 3*j - j = -4*a + t, 2*a - j = 17. What is the units digit of a?
9
Let p be -13 + 0 - (-30)/10. What is the tens digit of (-56)/p*45/18?
1
Let n be (-13)/(-2 + (-30)/(-14)). Let c = n + 137. Let v = c + -32. What is the tens digit of v?
1
Suppose 3 = 2*m - 21. What is the units digit of m - 1 - (4 + -2)?
9
Let v(c) = -c**2 + 6*c - 4. Let s be v(4). What is the units digit of 1/s + 105/12?
9
Let m be (4/3)/((-4)/(-6)). Suppose 2*a - 32 = -m*a. What is the units digit of a?
8
Let f = -23 + 71. Let u = -27 + f. What is the units digit of u?
1
Suppose -3*k + 4*b = -0*k + 2, -4*k = -2*b - 4. Suppose -c = k*c. What is the units digit of 2 - (c + 0)/2?
2
Let v(t) = -t**2 + t. Let y(h) be the second derivative of h**5/20 - h**4/2 + h**3/2 + h**2/2 + 2*h. Let r(a) = 5*v(a) - y(a). What is the units digit of r(1)?
1
Let m be 2/8 + 38/8. Suppose 2*w = -3*v + 9, -w + 12 = 4*v - m. Let c = 2 + v. What is the units digit of c?
7
Let q(d) = -50*d + 1. Let s be q(-1). Suppose b - 4*b = -s. Let w = b - -4. What is the units digit of w?
1
Let j = 464 + -328. What is the tens digit of j?
3
Let m = -5 + 9. Suppose 3*d + 43 = m*p, 5*p - d - 32 = 8. What is the units digit of p?
7
Let k = 10 - 7. Let b = 2 - 0. Suppose w - k*w + 2*f = -20, 20 = b*w + f. What is the units digit of w?
0
Suppose 160 = 9*o - 4*o. What is the units digit of o?
2
Let r(n) = -n**2 - 4*n - 1. Let q(p) = p + 6. Let h be q(-8). Let b be r(h). What is the units digit of 15/2 - b/(-6)?
8
Let x(y) be the second derivative of -y**5/120 + y**4/6 + y**3/6 - y. Let h(o) be the second derivative of x(o). What is the units digit of h(0)?
4
Suppose -2*n = -5*i - n + 8, -3*i - 9 = 4*n. Suppose -i = -3*a + 5. Let t = a + -1. What is the units digit of t?
1
Suppose -3*m + 3*r = -93, -4*r + 0*r = 2*m - 74. What is the tens digit of m?
3
What is the units digit of 18/(-6) - -71*1?
8
Let g = -44 + 46. What is the units digit of g?
2
Let w(k) = -6*k - 12. What is the tens digit of w(-5)?
1
Suppose y + 0 = 1. Suppose -h - y = 5*k, -2*h + 2*k + 74 = -7*h. Let c = -11 - h. What is the units digit of c?
5
Let p(d) = -3*d - 2. Let o be p(3). Let i = -6 - o. Suppose -2*u - 10 = 3*s + s, 19 = 4*u - i*s. What is the units digit of u?
1
Let m = -12 - -17. Suppose 2*c = 4*c + l - 6, -m*l = -c + 3. What is the units digit of c?
3
Suppose -q = 4, 0*m = m + 3*q - 31. What is the tens digit of m?
4
What is the units digit of 4444/28 - 6/(-21)?
9
Suppose -4*k - 4*i = -0*k - 20, 3*k + 4*i - 16 = 0. Let p(w) = w**2 - w. What is the units digit of p(k)?
2
Let z be (1 - (-63)/3) + -1. Suppose d + 0 = -2*b - 4, -d + z = -3*b. What is the units digit of d?
6
Suppose 5*z + 5*n = -83 - 12, 5*n = -z - 11. What is the tens digit of 6/z - 500/(-35)?
1
Suppose 3*l - 138 = -3*l. What is the units digit of l?
3
Let t = 129 - 60. What is the tens digit of t?
6
Suppose -14 - 2 = -w. What is the units digit of w?
6
Let i be 3 + -1 - (-1 - 0). Let j(o) = -3 - 1 + 2*o**2 + o**3 + i*o**2 + 2*o. What is the units digit of j(-3)?
8
Suppose -3*q + 4*q - 2*a = 20, 75 = 4*q - 3*a. Let d be 2 + 0 + (36 - -3). Suppose -3*f = 4*n - d, -5*f - q = 4*n - 73. What is the units digit of f?
7
Let z be (-21)/15 + (-4)/(-10). What is the units digit of 0/(4 + z) + 1?
1
Let l = -1 + 1. Suppose -3*x + 4*x - 29 = l. What is the units digit of x/5 - (-2)/10?
6
Let u = 30 + -15. Let k = -9 + 13. Suppose -k*q = q - u. What is the units digit of q?
3
Let y(t) = -11*t**2 + 33*t**2 + 10*t**2 + 1. What is the tens digit of y(1)?
3
Suppose 4*o + 4*h = 124, -o - 3*o + 124 = 2*h. What is the tens digit of o?
3
Let j(t) = 2*t - 3. Let a be j(2). Let c = 1 + a. What is the units digit of c?
2
Suppose -90 = -s + 5*d, -s + 36 + 9 = 4*d. What is the tens digit of s?
6
Let p = 14 - 7. What is the units digit of p?
7
Let x(n) = -17*n + 8. Suppose -3*p + 8 = -19. Let d(f) = 4*f - 2. Let j(g) = p*d(g) + 2*x(g). What is the units digit of j(5)?
8
Suppose 76 = 2*w - 5*x, w + 5*x = 2*x + 38. What is the tens digit of w?
3
Let x be (-41)/(-6) - (-1)/6. Suppose -2*l + x*l - 75 = 0. What is the units digit of ((-12)/l)/(4/(-10))?
2
Suppose 0 = 45*c - 49*c + 224. What is the units digit of c?
6
Suppose 5*d - 335 = 2*t, -7*t + 3*t = 0. What is the tens digit of d?
6
Suppose -5*g = -3*b + 65 + 39, 5*b - 4*g = 169. What is the tens digit of b?
3
Let u be 1/(1 - 2)*1. Let y = 10 + u. What is the units digit of y?
9
Let c = -8 + 6. Let i(j) = -j**2 - 3*j. What is the units digit of i(c)?
2
Let j = -8 - -16. Wha